{"id":2,"date":"2016-02-23T11:23:02","date_gmt":"2016-02-23T10:23:02","guid":{"rendered":"http:\/\/www.nowa.iwa.pl\/?page_id=2"},"modified":"2019-09-01T18:27:01","modified_gmt":"2019-09-01T16:27:01","slug":"o-firmie","status":"publish","type":"page","link":"https:\/\/www.iwa.pl\/","title":{"rendered":""},"content":{"rendered":"<p style=\"text-align: center;\">\n<\/p><p style=\"text-align: center;\"><span style=\"color: #000080;\">STRONA PRYWATNA<\/span><\/p>\n<p style=\"text-align: center;\"><span style=\"color: #000080;\">W OPRACOWANIU<\/span><\/p>\n<p><\/p>\n<pre style=\"text-align: center;\"><strong>(Agencja \"IWA\" zako\u0144czy\u0142a swoj\u0105 dzia\u0142alno\u015b\u0107)<\/strong><\/pre>\n<p style=\"text-align: center;\"><strong>&nbsp;<\/strong><\/p>\n<p><\/p>\n\n\n<pre class=\"wp-block-verse\"> <br><br><br>Strona korzysta z plik\u00f3w cookie w celu realizacji us\u0142ug <br>zgodnie z Polityk\u0105 prywatno\u015bci. <br>Mo\u017cesz okre\u015bli\u0107 warunki przechowywania lub dost\u0119pu <br>do cookie w Twojej przegl\u0105darce lub konfiguracji us\u0142ugi. <\/pre>\n","protected":false},"excerpt":{"rendered":"<p>STRONA PRYWATNA W OPRACOWANIU (Agencja &#8222;IWA&#8221; zako\u0144czy\u0142a swoj\u0105 dzia\u0142alno\u015b\u0107) &nbsp; Strona korzysta z plik\u00f3w cookie w celu realizacji us\u0142ug zgodnie z Polityk\u0105 prywatno\u015bci. Mo\u017cesz okre\u015bli\u0107 warunki przechowywania lub dost\u0119pu do cookie w Twojej przegl\u0105darce lub konfiguracji us\u0142ugi.<\/p>\n","protected":false},"author":1,"featured_media":0,"parent":0,"menu_order":0,"comment_status":"closed","ping_status":"open","template":"","meta":{"footnotes":""},"class_list":["post-2","page","type-page","status-publish","hentry"],"_links":{"self":[{"href":"https:\/\/www.iwa.pl\/index.php\/wp-json\/wp\/v2\/pages\/2","targetHints":{"allow":["GET"]}}],"collection":[{"href":"https:\/\/www.iwa.pl\/index.php\/wp-json\/wp\/v2\/pages"}],"about":[{"href":"https:\/\/www.iwa.pl\/index.php\/wp-json\/wp\/v2\/types\/page"}],"author":[{"embeddable":true,"href":"https:\/\/www.iwa.pl\/index.php\/wp-json\/wp\/v2\/users\/1"}],"replies":[{"embeddable":true,"href":"https:\/\/www.iwa.pl\/index.php\/wp-json\/wp\/v2\/comments?post=2"}],"version-history":[{"count":11,"href":"https:\/\/www.iwa.pl\/index.php\/wp-json\/wp\/v2\/pages\/2\/revisions"}],"predecessor-version":[{"id":366,"href":"https:\/\/www.iwa.pl\/index.php\/wp-json\/wp\/v2\/pages\/2\/revisions\/366"}],"wp:attachment":[{"href":"https:\/\/www.iwa.pl\/index.php\/wp-json\/wp\/v2\/media?parent=2"}],"curies":[{"name":"wp","href":"https:\/\/api.w.org\/{rel}","templated":true}]}}